-3 (base 9) in base 16?
-3
Convert -100001001 (base 2) to base 13.
-175
Convert 31 (base 7) to base 16.
16
Convert 0 (base 9) to base 5.
0
-1c (base 15) to base 7
-36
Convert -11 (base 3) to base 8.
-4
What is 1 (base 6) in base 11?
1
Convert 0 (base 3) to base 14.
0
0 (base 6) to base 15
0
Convert 4 (base 14) to base 13.
4
What is 97 (base 14) in base 12?
b1
Convert -8 (base 12) to base 11.
-8
Convert -1 (base 15) to base 2.
-1
-1 (base 2) to base 7
-1
What is 2 (base 15) in base 5?
2
10 (base 6) to base 11
6
22 (base 16) to base 14
26
-12 (base 8) to base 6
-14
Convert 11 (base 11) to base 15.
c
3 (base 5) to base 7
3
-f (base 16) to base 14
-11
What is 1020 (base 3) in base 7?
45
What is -1a (base 11) in base 10?
-21
What is 2 (base 4) in base 3?
2
What is 10 (base 5) in base 16?
5
-1000 (base 2) to base 10
-8
10 (base 8) to base 6
12
What is 20 (base 10) in base 14?
16
What is 22000 (base 3) in base 8?
330
Convert -20 (base 3) to base 10.
-6
Convert -8 (base 9) to base 6.
-12
Convert 11 (base 12) to base 5.
23
Convert 42 (base 8) to base 6.
54
Convert 142 (base 11) to base 12.
11b
What is -3 (base 16) in base 13?
-3
Convert -102 (base 3) to base 16.
-b
Convert -13 (base 4) to base 13.
-7
Convert -c (base 14) to base 8.
-14
16 (base 7) to base 10
13
12 (base 7) to base 11
9
Convert -10 (base 6) to base 16.
-6
Convert -48 (base 11) to base 14.
-3a
-24 (base 12) to base 10
-28
What is -14 (base 15) in base 16?
-13
-12 (base 4) to base 13
-6
What is 3 (base 11) in base 9?
3
Convert -5 (base 14) to base 9.
-5
Convert -1001000 (base 2) to base 8.
-110
What is 1 (base 7) in base 11?
1
What is 14 (base 5) in base 4?
21
21 (base 8) to base 5
32
9 (base 12) to base 9
10
11 (base 11) to base 14
c
5 (base 10) to base 5
10
What is -3 (base 5) in base 11?
-3
Convert -174 (base 9) to base 3.
-12111
-1 (base 6) to base 4
-1
What is 3 (base 4) in base 3?
10
Convert 1a (base 12) to base 6.
34
What is 202 (base 4) in base 14?
26
What is -1d (base 16) in base 3?
-1002
-12 (base 6) to base 12
-8
What is -24 (base 14) in base 7?
-44
54 (base 9) to base 16
31
What is -a (base 11) in base 10?
-10
What is 50 (base 6) in base 8?
36
Convert 64 (base 7) to base 2.
101110
What is -48 (base 12) in base 2?
-111000
Convert -2 (base 4) to base 6.
-2
What is -3 (base 6) in base 9?
-3
Convert -16 (base 10) to base 7.
-22
Convert -11 (base 15) to base 8.
-20
What is -2 (base 11) in base 12?
-2
Convert -4 (base 6) to base 8.
-4
Convert -10 (base 3) to base 2.
-11
-10101 (base 2) to base 16
-15
22 (base 9) to base 16
14
17 (base 14) to base 15
16
-c2 (base 13) to base 5
-1113
What is -13 (base 6) in base 7?
-12
Convert 270 (base 13) to base 10.
429
250 (base 8) to base 16
a8
Convert -111 (base 8) to base 11.
-67
-41 (base 14) to base 9
-63
4 (base 10) to base 15
4
8 (base 13) to base 5
13
What is -31 (base 5) in base 14?
-12
What is -242 (base 5) in base 8?
-110
Convert 9 (base 10) to base 6.
13
What is -c (base 15) in base 9?
-13
Convert c (base 16) to base 3.
110
Convert 1131 (base 4) to base 9.
113
76 (base 12) to base 10
90
-6 (base 7) to base 5
-11
What is 46 (base 16) in base 3?
2121
What is 15 (base 12) in base 3?
122
c (base 14) to base 6
20
111 (base 7) to base 5
212
What is -21 (base 7) in base 16?
-f
Convert 1312 (base 4) to base 15.
7d
-3101 (base 4) to base 12
-155
What is 10031 (base 4) in base 16?
10d
32 (base 10) to base 9
35
Convert -17 (base 13) to base 8.
-24
What is -6 (base 7) in base 2?
-110
What is 102 (base 3) in base 6?
15
Convert 42 (base 5) to base 4.
112
Convert -20 (base 3) to base 12.
-6
-20 (base 4) to base 2
-1000
-5 (base 15) to base 11
-5
13 (base 7) to base 12
a
-1 (base 11) to base 8
-1
What is -1223 (base 5) in base 14?
-d6
Convert -104 (base 7) to base 6.
-125
4 (base 8) to base 7
4
100 (base 2) to base 14
4
What is -1111 (base 2) in base 11?
-14
-453 (base 6) to base 15
-bc
Convert 1 (base 12) to base 10.
1
What is 3 (base 11) in base 4?
3
Convert -42 (base 7) to base 11.
-28
What is -35 (base 14) in base 4?
-233
0 (base 15) to base 9
0
-1 (base 8) to base 16
-1
What is -5 (base 15) in base 14?
-5
1101 (base 2) to base 15
d
-a (base 16) to base 12
-a
Convert -5 (base 10) to base 8.
-5
1002 (base 3) to base 7
41
-4 (base 12) to base 16
-4
-401 (base 6) to base 10
-145
What is -4 (base 9) in base 8?
-4
What is -2 (base 9) in base 7?
-2
3 (base 7) to base 2
11
What is 12221 (base 3) in base 12?
114
Convert -1 (base 2) to base 3.
-1
What is 4 (base 6) in base 14?
4
-6 (base 9) to base 16
-6
Convert 110 (base 5) to base 3.
1010
Convert -312 (base 4) to base 7.
-105
Convert -d (base 14) to base 15.
-d
Convert -1 (base 12) to base 14.
-1
What is b9 (base 14) in base 9?
201
What is -15 (base 6) in base 12?
-b
-113 (base 8) to base 13
-5a
-1 (base 5) to base 13
-1
What is d0 (base 14) in base 8?
266
What is -7 (base 14) in base 7?
-10
-44 (base 8) to base 5
-121
0 (base 5) to base 3
0
What is 5 (base 8) in base 9?
5
Convert 1 (base 12) to base 10.
1
-89 (base 12) to base 3
-10220
Convert -132 (base 4) to base 13.
-24
What is 6 (base 16) in base 2?
110
Convert -1 (base 8) to base 16.
-1
26 (base 10) to base 8
32
-9 (base 12) to base 4
-21
What is 2 (base 3) in base 15?
2
-139 (base 10) to base 7
-256
Convert 2220 (base 4) to base 14.
c0
-e3 (base 16) to base 13
-146
Convert 3 (base 5) to base 9.
3
Convert 1 (base 6) to base 15.
1
-13 (base 4) to base 6
-11
Convert -5 (base 6) to base 11.
-5
What is -5 (base 14) in base 10?
-5
What is 31 (base 8) in base 16?
19
332 (base 5) to base 12
78
What is 7 (base 11) in base 9?
7
Convert 44 (base 11) to base 3.
1210
6b (base 16) to base 7
212
0 (base 15) to base 11
0
Convert 41 (base 9) to base 16.
25
Convert 26 (base 7) to base 3.
202
Convert -75 (base 8) to base 12.
-51
-3 (base 8) to base 4
-3
-3 (base 7) to base 2
-11
What is 71 (base 11) in base 9?
86
What is -3 (base 5) in base 8?
-3
What is 0 (base 8) in base 11?
0
2 (base 16) to base 15
2
Convert 6 (base 10) to base 6.
10
What is 210 (base 8) in base 2?
10001000
What is -8 (base 10) in base 7?
-11
Convert 113 (base 9) to base 13.
72
What is 27 (base 11) in base 7?
41
Convert -29 (base 11) to base 2.
-11111
11 (base 12) to base 11
12
What is -130 (base 6) in base 3?
-2000
b (base 16) to base 14
b
117 (base 10) to base 5
432
Convert 4 (base 13) to base 11.
4
-5 (base 7) to base 16
-5
-e6 (base 16) to base 9
-275
12 (base 9) to base 11
10
What is -b (base 14) in base 2?
-1011
What is -90 (base 12) in base 10?
-108
What is 1 (base 9) in base 10?
1
What is 3 (base 4) in base 15?
3
-47 (base 12) to base 7
-106
5 (base 13) to base 6
5
Convert -1 (base 5) to base 4.
-1
Convert 8 (base 16) to base 12.
8
What is 10 (base 3) in base 4?
3
Convert 110 (base 2) to base 15.
6
What is 5 (base 10) in base 5?
10
103 (base 4) to base 2
10011
Convert 10 (base 9) to base 14.
9
What is 24 (base 5) in base 9?
15
Convert 1f (base 16) to base 11.
29
What is -1c (base 13) in base 5?
-100
Convert 1240 (base 5) to base 6.
523
What is -7 (base 9) in base 13?
-7
Convert -15 (base 6) to base 3.
-102
What is 13 (base 5) in base 9?
8
What is -112 (base 14) in base 3?
-21212
Convert -1 (base 2) to base 10.
-1
What is 7 (base 16) in base 13?
7
What is -2 (base 3) in base 5?
-2
3 (base 4) to base 15
3
Convert 2 (base 9) to base 14.
2
What is -2 (base 3) in base 11?
-2
-34 (base 10) to base 4
-202
-12 (base 16) to base 13
-15
-201 (base 3) to base 5
-34
13 (base 13) to base 2
10000
Convert -10120 (base 3) to base 7.
-165
Convert -2 (base 3) to base 13.
-2
111 (base 5) to base 11
29
What is -12 (base 11) in base 5?
-23
Convert 5 (base 7) to base 13.
5
1 (base 9) to base 11
1
What is b (base 14) in base 12?
b
1001 (base 2) to base 6
13
What is c (base 15) in base 10?
12
Convert 95 (base 11) to base 9.
125
1 (base 9) to base 7
1
Convert -2001 (base 4) to base 5.
-1004
25 (base 15) to base 13
29
Convert -10010 (base 2) to base 5.
-33
1bb (base 13) to base 8
503
Convert 1 (base 9) to base 16.
1
Convert -84 (base 12) to base 6.
-244
Convert a (base 15) to base 12.
a
21 (base 12) to base 2
11001
What is 47 (base 12) in base 4?
313
Convert 0 (base 4) to base 10.
0
Convert 51 (base 6) to base 9.
34
14 (base 5) to base 11
9
What is 110011 (base 2) in base 11?
47
Convert -1000 (base 2) to base